
Let f(o) = -34*o**3 - 4*o**2 - 74*o - 145. Let l be f(-2). Calculate the greatest common divisor of 4736 and l.
37
Let a be (-1)/(178/36 + (-10)/2). Let s be ((-6)/(-9))/(14/1323). Calculate the highest common divisor of s and a.
9
Suppose -199*l = 86850 - 210429. Calculate the highest common divisor of 483 and l.
69
Let h(q) = -q**3 - 6*q**2 + 4*q + 22. Let i be h(-9). Let l = i - 124. Let o = 185 - l. Calculate the greatest common divisor of 10 and o.
10
Let b(t) = t**3 - 2*t**2 - 5*t. Let q be b(4). Suppose 114 = 5*k + 2*s, -3*s = -k + 2*s + q. Let g = 215 + -160. What is the highest common factor of g and k?
11
Let x = 42 - -139. Suppose -260 = -9*j + x. Calculate the highest common factor of j and 7.
7
Let d = -124 + -258. Let j = d + 398. Calculate the greatest common divisor of j and 1648.
16
Let p = 149 + -137. Suppose p*t + 4*t = 3040. Calculate the greatest common divisor of 30 and t.
10
Suppose -4*h - 5*w = 3, 15 = 3*h - w + 3. Suppose -h*j + 2*j = 5*l - 40, -3*j - 5*l + 100 = 0. What is the greatest common divisor of j and 10?
10
Suppose -87 = -3*n - 3*y - 27, 0 = 5*n + 2*y - 85. Suppose 0 = -r - n + 49. Let j = r - 32. What is the greatest common factor of j and 1?
1
Let b(x) = -2*x**3 + 32*x**2 - 32*x + 26. Let l be b(15). Let p be -4 - -9 - (-2 - 15 - l). Calculate the highest common factor of p and 90.
18
Suppose 55 = -6*y + 17*y. Let r = y + -2. Suppose -4*d = a - r, -a = 5*d - 4*a - 25. What is the highest common divisor of d and 10?
2
Let m be (-66)/(-36) + ((-26)/(-12) - 2). Suppose m*b - 54 = -2*x, -3*x + 89 = 4*b - 20. Calculate the highest common factor of 70 and b.
14
Let d(u) = 15*u**2 + 38*u + 185. Let k be d(8). What is the greatest common divisor of 322 and k?
161
Let w = 48 - -9. Suppose 1312 = 105*v - 683. Calculate the highest common divisor of v and w.
19
Let m = 245 + -155. Let u = 319 - 316. Suppose 0 = -u*l - 3*o + 21, 3*l - 5*l + 8 = 4*o. Calculate the highest common factor of m and l.
10
Let p(v) = 4*v**2 + 14*v + 67. Let n be p(-12). Let g be 945/25 - 8/(-40). What is the highest common divisor of g and n?
19
Suppose 0 = 5*i + 3*t - 2099 - 694, t - 1679 = -3*i. What is the highest common divisor of i and 4675?
187
Suppose -2*v = i - 440, -4*v - 5*i + 355 = -525. Suppose 7 + 213 = 5*c. What is the highest common factor of c and v?
44
Let m = 2033 - 1908. Calculate the greatest common factor of m and 475.
25
Let i(s) = -6 + 3 - 2*s + 25. Let c be i(6). Let z be 39/(((0 - -1) + 1)/c). Calculate the greatest common divisor of z and 78.
39
Let i be ((-323)/34)/((-1)/2). What is the greatest common divisor of 4959 and i?
19
Suppose -152*n - 49 = -217*n + 146. Calculate the greatest common factor of 289 and n.
1
Suppose 37*q - 38*q + 2 = 0. Suppose -q = 2*j + 4, 5*j = -5*p + 330. Calculate the highest common factor of p and 46.
23
Let c(m) = 3*m - 11. Suppose -7*r = -33 - 2. Let g be c(r). Suppose g*z + 3*z = 133. What is the highest common factor of z and 38?
19
Let j(u) = u**3 + 4*u**2 + 29*u - 136. Let n be j(4). Calculate the highest common factor of n and 20.
4
Suppose -2*c - 102 = -u, -4*u + 161 = -5*c - 262. Calculate the greatest common divisor of 364 and u.
28
Let t be 134*2/10 - (84/(-70) + 1). Calculate the highest common divisor of t and 405.
27
Let d(v) = 2*v**2 + 16*v - 18. Suppose -3*q - 15 = 9. Let a be d(q). Let w = 17 - a. What is the greatest common divisor of w and 5?
5
Suppose -1112757 = -73*c + 169123. Calculate the highest common factor of 40 and c.
40
Let q(z) = 3*z**2 + 5*z - 2. Let u be q(5). Suppose -752 = 13*o + 28. Let a = o - -74. Calculate the greatest common divisor of u and a.
14
Let a be 4 + 116 + 6/2. Let q = a + -79. Suppose 226 = 2*d - q. Calculate the greatest common divisor of 54 and d.
27
Suppose -6*q = 5 - 5. Suppose q*b + 6*b = b. Suppose -36*l + 31*l + 10 = b. What is the highest common factor of 14 and l?
2
Suppose -5*p - 955 = -3*l, 3*p - 572 = 3*l - 1535. Calculate the highest common factor of l and 585.
65
Let t be 196/(-343) + 116/7. Let n be 2870/3 - t/(-48). What is the highest common factor of n and 33?
33
Suppose 0 = -4*z + z - 54. Let u be (132/(-9))/((-78)/z - 5). Calculate the greatest common divisor of 165 and u.
11
Let o = 1532 + -1406. Calculate the greatest common factor of 112 and o.
14
Let g(p) = -272*p**2 + 2737*p + 4. Let l be g(10). What is the highest common factor of l and 4263?
87
Let z = -124 - -556. Let k = 5835 + -5823. Calculate the highest common factor of k and z.
12
Let n = 78 + -53. Suppose 34 + 4 = 68*s - 70*s. Let r = n + s. Calculate the greatest common factor of 6 and r.
6
Let a(d) = -d + 2. Let t be (-6)/(-3)*-2*(-7)/28. Let c be a(t). Suppose -y + c = 4*b, -2*y + 0*y = 5*b - 8. What is the greatest common factor of y and 81?
9
Let t be (4/2)/((-22)/(-473)). Suppose -t + 57 = 7*h. Let b be (-4)/h - 68/(-4). Calculate the greatest common divisor of b and 165.
15
Suppose 0 = -p - j - 0*j + 3, -4*p + 4*j = -28. Let x = -192 - -203. Suppose 0 = -p*m + x + 9. What is the greatest common factor of 40 and m?
4
Let m be ((-6)/9)/((-4)/1440). Suppose -3*h + 228 + m = 0. What is the highest common factor of h and 13?
13
Suppose -2 = 3*t - 23. Let n(k) = 6*k**2 - 22*k + 7. Let q be n(t). Calculate the highest common factor of 21 and q.
21
Let k be (172/(-6))/(34/(-51)). Let p = 531 + -488. Calculate the highest common divisor of k and p.
43
Let a(x) = 2*x**2 + 3*x - 4. Let d be a(3). Let f be (-1)/(-3)*21 + 292. Calculate the greatest common divisor of f and d.
23
Suppose 0*k - 9 = -3*k. Suppose -17 = k*v - 4*m - 79, -4*v + 5*m = -84. Let z = 146 + -42. What is the greatest common factor of v and z?
26
Suppose 377 = 21*f - 8*f. Let b = 692 + 207. What is the highest common divisor of f and b?
29
Let q(j) = -j**2 + 19*j + 45. Let z be q(21). Let y be 8/(-28)*(-7)/2. Let h be 8 - y - (2 - 4). Calculate the highest common divisor of h and z.
3
Let o = 9527 - 5975. Calculate the greatest common factor of 48 and o.
48
Suppose 0 = 6*b - b - 5. Suppose 58*p - 71*p + 611 = 0. What is the highest common factor of p and b?
1
Suppose 1410 = 25*b + 5*b. Let f = -1265 - -2299. Suppose -2*a + f = -0*a. Calculate the greatest common factor of a and b.
47
Suppose -7*o = -1089 - 556. What is the highest common factor of o and 188?
47
Suppose -y = -4*h - 48, 5*h + 93 = 3*y - 72. Suppose y*d - 385 = 53*d. What is the highest common factor of 66 and d?
11
Let j be 1487 + 2/(-2)*1. Let h be -5*5/(2 - 7). Let f be j/h + 9/(-45). What is the highest common factor of 27 and f?
27
Let y(n) be the first derivative of 17*n + 5*n**2 - 1/3*n**3 - 6. Let p be y(10). Calculate the highest common divisor of 187 and p.
17
Suppose -3*y + 2*o + 7 = 5, -3*o + 15 = 0. Suppose t = y*t - 525. What is the greatest common divisor of t and 70?
35
Suppose 4*b = 4*k + 5200, -2*b - 14*k + 2610 = -11*k. Let r = b - 952. Suppose 0 = 4*g + 16, 7*g - 30 = -f + 2*g. What is the highest common divisor of r and f?
50
Let l(i) = -36*i + 100. Let q be 10/(-4) - (-36)/(-32)*-4. Let d be l(q). Suppose 0 = 5*h - 22 - 118. Calculate the greatest common factor of d and h.
28
Let j(u) = u**2 + 100*u - 687. Let l be j(7). What is the highest common factor of l and 5177?
31
Let v be (-720 - 1)*-1 - ((-616)/44 + 21). What is the highest common divisor of v and 323?
17
Let w(n) = 6*n**2 + 46*n + 110. Let h be w(-4). Let o = 14 - -41. Calculate the greatest common factor of o and h.
11
Let q be (-4)/(-14) + (-12)/(-7). Let c be -3*((-2)/3)/(4/(-6)). Let k be -5*(c + 10/5). Calculate the greatest common divisor of k and q.
1
Let b = -59 - -61. Calculate the greatest common divisor of 2 and b.
2
Let j = 19 - 28. Let b be 120/j - (-4)/(-6). Let u be (-141)/(-1) - (-13 - b). Calculate the greatest common divisor of u and 20.
20
Suppose -5*k + 0*z = 4*z + 81, -4*k + 3*z - 40 = 0. Let i be 4/8*(-1118)/k. Calculate the greatest common factor of i and 43.
43
Let r(s) = -s**3 + 9*s**2 + 6*s - 126. Let a be r(7). Let k(b) = -6*b + 1. Let q be k(-1). What is the highest common factor of q and a?
7
Let t = -586 + 637. Calculate the greatest common factor of t and 9.
3
Suppose 4*j - 15 = 3*j - 4*b, 0 = -3*j + 2*b + 3. Suppose j*h - 58 = 5*h. Let p = h + 59. Calculate the highest common factor of p and 40.
10
Suppose